{"id":24,"date":"2018-02-09T21:17:25","date_gmt":"2018-02-09T20:17:25","guid":{"rendered":"http:\/\/znakon.cz\/18\/asfalt\/?page_id=24"},"modified":"2023-12-18T09:28:19","modified_gmt":"2023-12-18T08:28:19","slug":"strakonicka-obalovna","status":"publish","type":"page","link":"https:\/\/znakon.cz\/asfalt\/strakonicka-obalovna\/","title":{"rendered":"STRAKONICK\u00c1 OBALOVNA"},"content":{"rendered":"<div id=\"pl-24\"  class=\"panel-layout\" ><div id=\"pg-24-0\"  class=\"panel-grid panel-has-style\" ><div class=\"panel-row-style panel-row-style-for-24-0\" ><div id=\"pgc-24-0-0\"  class=\"panel-grid-cell\" ><div id=\"panel-24-0-0-0\" class=\"so-panel widget widget_sow-editor panel-first-child\" data-index=\"0\" ><div\n\t\t\t\n\t\t\tclass=\"so-widget-sow-editor so-widget-sow-editor-base\"\n\t\t\t\n\t\t>\n<div class=\"siteorigin-widget-tinymce textwidget\">\n\t<p><span style=\"font-weight: 400;\"><strong><img loading=\"lazy\" decoding=\"async\" class=\"wp-image-94 alignnone\" src=\"http:\/\/znakon.cz\/asfalt\/wp-content\/uploads\/sites\/4\/2018\/02\/logo_strakonick\u00e1_obalovna.jpg\" alt=\"\" width=\"139\" height=\"150\" \/><\/strong><\/span><\/p>\n<p><span style=\"font-weight: 400;\"><strong>Strakonick\u00e1 obalovna s.r.o. - obalovna Sousedovice<\/strong><br \/><\/span><span style=\"font-weight: 400;\">Sousedovice 44,\u00a0<\/span><span style=\"font-weight: 400;\">386&nbsp;01 Strakonice<br \/><\/span><span style=\"font-weight: 400;\">I\u010c: 260&nbsp;44&nbsp;226<\/span><\/p>\n<p><strong>vedouc\u00ed obalovny<\/strong><br \/> Pavel K\u016frka\u00a0<br \/>tel.: 606&nbsp;703&nbsp;200<\/p>\n<\/div>\n<\/div><\/div><div id=\"panel-24-0-0-1\" class=\"so-panel widget widget_sow-image\" data-index=\"1\" ><div class=\"panel-widget-style panel-widget-style-for-24-0-0-1\" ><div\n\t\t\t\n\t\t\tclass=\"so-widget-sow-image so-widget-sow-image-default-dbf295114b96-24\"\n\t\t\t\n\t\t>\n<div class=\"sow-image-container\">\n\t\t<img \n\tsrc=\"https:\/\/znakon.cz\/asfalt\/wp-content\/uploads\/sites\/4\/2018\/02\/st-obalovna-03.jpg\" width=\"1200\" height=\"780\" srcset=\"https:\/\/znakon.cz\/asfalt\/wp-content\/uploads\/sites\/4\/2018\/02\/st-obalovna-03.jpg 1200w, https:\/\/znakon.cz\/asfalt\/wp-content\/uploads\/sites\/4\/2018\/02\/st-obalovna-03-300x195.jpg 300w, https:\/\/znakon.cz\/asfalt\/wp-content\/uploads\/sites\/4\/2018\/02\/st-obalovna-03-768x499.jpg 768w, https:\/\/znakon.cz\/asfalt\/wp-content\/uploads\/sites\/4\/2018\/02\/st-obalovna-03-1024x666.jpg 1024w\" sizes=\"(max-width: 1200px) 100vw, 1200px\" alt=\"\" \t\tclass=\"so-widget-image\"\/>\n\t<\/div>\n\n<\/div><\/div><\/div><div id=\"panel-24-0-0-2\" class=\"so-panel widget widget_sow-image panel-last-child\" data-index=\"2\" ><div\n\t\t\t\n\t\t\tclass=\"so-widget-sow-image so-widget-sow-image-default-dbf295114b96-24\"\n\t\t\t\n\t\t>\n<div class=\"sow-image-container\">\n\t\t<img \n\tsrc=\"https:\/\/znakon.cz\/asfalt\/wp-content\/uploads\/sites\/4\/2018\/02\/st-obalovna-01.jpg\" width=\"1200\" height=\"780\" srcset=\"https:\/\/znakon.cz\/asfalt\/wp-content\/uploads\/sites\/4\/2018\/02\/st-obalovna-01.jpg 1200w, https:\/\/znakon.cz\/asfalt\/wp-content\/uploads\/sites\/4\/2018\/02\/st-obalovna-01-300x195.jpg 300w, https:\/\/znakon.cz\/asfalt\/wp-content\/uploads\/sites\/4\/2018\/02\/st-obalovna-01-768x499.jpg 768w, https:\/\/znakon.cz\/asfalt\/wp-content\/uploads\/sites\/4\/2018\/02\/st-obalovna-01-1024x666.jpg 1024w\" sizes=\"(max-width: 1200px) 100vw, 1200px\" alt=\"\" \t\tclass=\"so-widget-image\"\/>\n\t<\/div>\n\n<\/div><\/div><\/div><div id=\"pgc-24-0-1\"  class=\"panel-grid-cell\" ><div id=\"panel-24-0-1-0\" class=\"so-panel widget widget_sow-google-map panel-first-child\" data-index=\"3\" ><div\n\t\t\t\n\t\t\tclass=\"so-widget-sow-google-map so-widget-sow-google-map-default-6b23895f316e-24\"\n\t\t\t\n\t\t>\n<div class=\"sow-google-map-canvas\"\n\tstyle=\"\"\n\tid=\"map-canvas-f2a59d448b7aceb21eac3925275c0398\"\n\tdata-options=\"{&quot;address&quot;:&quot;Strakonick\\u00e1 obalovna, Sousedovice 44&quot;,&quot;zoom&quot;:12,&quot;mobileZoom&quot;:12,&quot;gestureHandling&quot;:&quot;greedy&quot;,&quot;disableUi&quot;:false,&quot;markerIcon&quot;:false,&quot;markersDraggable&quot;:false,&quot;markerAtCenter&quot;:true,&quot;markerInfoDisplay&quot;:&quot;click&quot;,&quot;markerInfoMultiple&quot;:true,&quot;markerPositions&quot;:false,&quot;mapName&quot;:false,&quot;mapStyles&quot;:false,&quot;directions&quot;:&quot;&quot;,&quot;apiKey&quot;:&quot;AIzaSyACL8EbdKLHXEWOZOGJFD1MhcAR28Qkfp0&quot;,&quot;breakpoint&quot;:780,&quot;id&quot;:&quot;69d98a&quot;}\"\n\tdata-fallback-image=\"{&quot;img&quot;:&quot;&quot;}\"><\/div>\n<\/div><\/div><div id=\"panel-24-0-1-1\" class=\"so-panel widget widget_sow-editor\" data-index=\"4\" ><div class=\"panel-widget-style panel-widget-style-for-24-0-1-1\" ><div\n\t\t\t\n\t\t\tclass=\"so-widget-sow-editor so-widget-sow-editor-base\"\n\t\t\t\n\t\t><h3 class=\"widget-title\">Napi\u0161te n\u00e1m<\/h3>\n<div class=\"siteorigin-widget-tinymce textwidget\">\n\t<\/div>\n<\/div><\/div><\/div><div id=\"panel-24-0-1-2\" class=\"widget_text so-panel widget widget_custom_html panel-last-child\" data-index=\"5\" ><div class=\"textwidget custom-html-widget\">\n<div class=\"wpcf7 no-js\" id=\"wpcf7-f42-o1\" lang=\"cs-CZ\" dir=\"ltr\">\n<div class=\"screen-reader-response\"><p role=\"status\" aria-live=\"polite\" aria-atomic=\"true\"><\/p> <ul><\/ul><\/div>\n<form action=\"\/asfalt\/wp-json\/wp\/v2\/pages\/24#wpcf7-f42-o1\" method=\"post\" class=\"wpcf7-form init\" aria-label=\"Kontaktn\u00ed formul\u00e1\u0159\" novalidate=\"novalidate\" data-status=\"init\">\n<div style=\"display: none;\">\n<input type=\"hidden\" name=\"_wpcf7\" value=\"42\" \/>\n<input type=\"hidden\" name=\"_wpcf7_version\" value=\"5.9.8\" \/>\n<input type=\"hidden\" name=\"_wpcf7_locale\" value=\"cs_CZ\" \/>\n<input type=\"hidden\" name=\"_wpcf7_unit_tag\" value=\"wpcf7-f42-o1\" \/>\n<input type=\"hidden\" name=\"_wpcf7_container_post\" value=\"0\" \/>\n<input type=\"hidden\" name=\"_wpcf7_posted_data_hash\" value=\"\" \/>\n<input type=\"hidden\" name=\"_wpcf7_recaptcha_response\" value=\"\" \/>\n<\/div>\n<p><label> Va\u0161e jm\u00e9no (vy\u017eadov\u00e1no)<br \/>\n<span class=\"wpcf7-form-control-wrap\" data-name=\"your-name\"><input size=\"40\" maxlength=\"400\" class=\"wpcf7-form-control wpcf7-text wpcf7-validates-as-required\" aria-required=\"true\" aria-invalid=\"false\" value=\"\" type=\"text\" name=\"your-name\" \/><\/span> <\/label>\n<\/p>\n<p><label> V\u00e1\u0161 e-mail (vy\u017eadov\u00e1no)<br \/>\n<span class=\"wpcf7-form-control-wrap\" data-name=\"your-email\"><input size=\"40\" maxlength=\"400\" class=\"wpcf7-form-control wpcf7-email wpcf7-validates-as-required wpcf7-text wpcf7-validates-as-email\" aria-required=\"true\" aria-invalid=\"false\" value=\"\" type=\"email\" name=\"your-email\" \/><\/span> <\/label>\n<\/p>\n<p><label> P\u0159edm\u011bt<br \/>\n<span class=\"wpcf7-form-control-wrap\" data-name=\"your-subject\"><input size=\"40\" maxlength=\"400\" class=\"wpcf7-form-control wpcf7-text\" aria-invalid=\"false\" value=\"\" type=\"text\" name=\"your-subject\" \/><\/span> <\/label>\n<\/p>\n<p><label> Va\u0161e zpr\u00e1va<br \/>\n<span class=\"wpcf7-form-control-wrap\" data-name=\"your-message\"><textarea cols=\"40\" rows=\"10\" maxlength=\"2000\" class=\"wpcf7-form-control wpcf7-textarea\" aria-invalid=\"false\" name=\"your-message\"><\/textarea><\/span> <\/label>\n<\/p>\n<p><input class=\"wpcf7-form-control wpcf7-submit has-spinner\" type=\"submit\" value=\"Odeslat\" \/>\n<\/p><div class=\"wpcf7-response-output\" aria-hidden=\"true\"><\/div>\n<\/form>\n<\/div>\n<\/div><\/div><\/div><\/div><\/div><\/div>","protected":false},"excerpt":{"rendered":"<p>Strakonick\u00e1 obalovna s.r.o. &#8211; obalovna SousedoviceSousedovice 44,\u00a0386&nbsp;01 StrakoniceI\u010c: 260&nbsp;44&nbsp;226 vedouc\u00ed obalovny Pavel K\u016frka\u00a0tel.: 606&nbsp;703&nbsp;200<\/p>\n","protected":false},"author":1,"featured_media":0,"parent":0,"menu_order":0,"comment_status":"closed","ping_status":"closed","template":"page-templates\/pagebuilder.php","meta":{"_monsterinsights_skip_tracking":false,"_monsterinsights_sitenote_active":false,"_monsterinsights_sitenote_note":"","_monsterinsights_sitenote_category":0,"footnotes":""},"_links":{"self":[{"href":"https:\/\/znakon.cz\/asfalt\/wp-json\/wp\/v2\/pages\/24"}],"collection":[{"href":"https:\/\/znakon.cz\/asfalt\/wp-json\/wp\/v2\/pages"}],"about":[{"href":"https:\/\/znakon.cz\/asfalt\/wp-json\/wp\/v2\/types\/page"}],"author":[{"embeddable":true,"href":"https:\/\/znakon.cz\/asfalt\/wp-json\/wp\/v2\/users\/1"}],"replies":[{"embeddable":true,"href":"https:\/\/znakon.cz\/asfalt\/wp-json\/wp\/v2\/comments?post=24"}],"version-history":[{"count":38,"href":"https:\/\/znakon.cz\/asfalt\/wp-json\/wp\/v2\/pages\/24\/revisions"}],"predecessor-version":[{"id":163,"href":"https:\/\/znakon.cz\/asfalt\/wp-json\/wp\/v2\/pages\/24\/revisions\/163"}],"wp:attachment":[{"href":"https:\/\/znakon.cz\/asfalt\/wp-json\/wp\/v2\/media?parent=24"}],"curies":[{"name":"wp","href":"https:\/\/api.w.org\/{rel}","templated":true}]}}