{"id":206,"date":"2020-12-04T10:14:07","date_gmt":"2020-12-04T09:14:07","guid":{"rendered":"http:\/\/znakon.cz\/reality\/?page_id=206"},"modified":"2023-04-14T15:03:13","modified_gmt":"2023-04-14T13:03:13","slug":"bytovy-dum-marketa","status":"publish","type":"page","link":"https:\/\/znakon.cz\/reality\/bytovy-dum-marketa\/","title":{"rendered":"Bytov\u00fd d\u016fm Mark\u00e9ta"},"content":{"rendered":"<div id=\"pl-206\"  class=\"panel-layout\" ><div id=\"pg-206-0\"  class=\"panel-grid panel-no-style\" ><div id=\"pgc-206-0-0\"  class=\"panel-grid-cell\" ><div id=\"panel-206-0-0-0\" class=\"so-panel widget widget_sow-editor panel-first-child panel-last-child\" data-index=\"0\" ><div\n\t\t\t\n\t\t\tclass=\"so-widget-sow-editor so-widget-sow-editor-base\"\n\t\t\t\n\t\t>\n<div class=\"siteorigin-widget-tinymce textwidget\">\n\t<p><!-- wp:siteorigin-panels\/layout-block {\"panelsData\":{\"widgets\":[{\"image\":0,\"image_fallback\":\"\",\"size\":\"full\",\"align\":\"default\",\"title_align\":\"default\",\"title\":\"\",\"title_position\":\"hidden\",\"alt\":\"\",\"url\":\"\",\"bound\":true,\"_sow_form_id\":\"5978851775fc9fe21a7439932601647\",\"_sow_form_timestamp\":\"\",\"panels_info\":{\"class\":\"SiteOrigin_Widget_Image_Widget\",\"grid\":0,\"cell\":0,\"id\":0,\"widget_id\":\"d916126b-62cc-43d6-a815-9b70e1261f7d\",\"style\":{\"background_image_attachment\":false,\"background_display\":\"tile\"}},\"new_window\":false,\"full_width\":false}],\"grids\":[{\"cells\":1,\"style\":[]}],\"grid_cells\":[{\"grid\":0,\"index\":0,\"weight\":1,\"style\":[]}]},\"contentPreview\":\"\\u003cdiv id=\\u0022pl-206\\u0022 class=\\u0022panel-layout\\u0022 \\u003e\\u003cdiv id=\\u0022pg-206-0\\u0022 class=\\u0022panel-grid panel-no-style\\u0022 \\u003e\\u003cdiv id=\\u0022pgc-206-0-0\\u0022 class=\\u0022panel-grid-cell\\u0022 \\u003e\\u003cdiv id=\\u0022panel-206-0-0-0\\u0022 class=\\u0022so-panel widget widget_sow-image panel-first-child panel-last-child\\u0022 data-index=\\u00220\\u0022 \\u003e\\u003cdiv class=\\u0022so-widget-sow-image so-widget-sow-image-default-d6014b76747a\\u0022\\u003e\\n\\n\\u003cdiv class=\\u0022sow-image-container\\u0022\\u003e\\n\\t\\u003cimg alt=\\u0022\\u0022 \\t\\tclass=\\u0022so-widget-image\\u0022\/\\u003e\\n\\u003c\/div\\u003e\\n\\n\\u003c\/div\\u003e\\u003c\/div\\u003e \\u003cstyle type=\\u0022text\/css\\u0022\\u003e.so-widget-sow-image-default-d6014b76747a .sow-image-container {\\n display: flex;\\n align-items: flex-start;\\n}\\n.so-widget-sow-image-default-d6014b76747a .sow-image-container \\u003e a {\\n display: inline-block;\\n \\n max-width: 100%;\\n}\\n.so-widget-sow-image-default-d6014b76747a .sow-image-container .so-widget-image {\\n display: block;\\n max-width: 100%;\\n \\n height: auto;\\n}\\u003c\/style\\u003e\\u003c\/div\\u003e\\u003c\/div\\u003e\\u003c\/div\\u003e\"} --><\/p>\n<div class=\"wp-block-siteorigin-panels-layout-block\">\n<div id='gallery-1' class='gallery galleryid-206 gallery-columns-5 gallery-size-full'><figure class='gallery-item'>\n\t\t\t<div class='gallery-icon landscape'>\n\t\t\t\t<a href='https:\/\/znakon.cz\/reality\/wp-content\/uploads\/sites\/5\/2023\/04\/DJI_0594_stitch_U-1-scaled-e1681462287920.jpg'><img loading=\"lazy\" decoding=\"async\" width=\"2560\" height=\"1708\" src=\"https:\/\/znakon.cz\/reality\/wp-content\/uploads\/sites\/5\/2023\/04\/DJI_0594_stitch_U-1-scaled-e1681462287920.jpg\" class=\"attachment-full size-full\" alt=\"\" srcset=\"https:\/\/znakon.cz\/reality\/wp-content\/uploads\/sites\/5\/2023\/04\/DJI_0594_stitch_U-1-scaled-e1681462287920.jpg 2560w, https:\/\/znakon.cz\/reality\/wp-content\/uploads\/sites\/5\/2023\/04\/DJI_0594_stitch_U-1-scaled-e1681462287920-300x200.jpg 300w, https:\/\/znakon.cz\/reality\/wp-content\/uploads\/sites\/5\/2023\/04\/DJI_0594_stitch_U-1-scaled-e1681462287920-1024x683.jpg 1024w, https:\/\/znakon.cz\/reality\/wp-content\/uploads\/sites\/5\/2023\/04\/DJI_0594_stitch_U-1-scaled-e1681462287920-768x512.jpg 768w, https:\/\/znakon.cz\/reality\/wp-content\/uploads\/sites\/5\/2023\/04\/DJI_0594_stitch_U-1-scaled-e1681462287920-1536x1025.jpg 1536w, https:\/\/znakon.cz\/reality\/wp-content\/uploads\/sites\/5\/2023\/04\/DJI_0594_stitch_U-1-scaled-e1681462287920-2048x1366.jpg 2048w, https:\/\/znakon.cz\/reality\/wp-content\/uploads\/sites\/5\/2023\/04\/DJI_0594_stitch_U-1-scaled-e1681462287920-272x182.jpg 272w\" sizes=\"(max-width: 2560px) 100vw, 2560px\" \/><\/a>\n\t\t\t<\/div><\/figure><figure class='gallery-item'>\n\t\t\t<div class='gallery-icon landscape'>\n\t\t\t\t<a href='https:\/\/znakon.cz\/reality\/wp-content\/uploads\/sites\/5\/2023\/04\/DSC_9690_U_mensi-scaled-e1699874856165.jpg'><img loading=\"lazy\" decoding=\"async\" width=\"1368\" height=\"912\" src=\"https:\/\/znakon.cz\/reality\/wp-content\/uploads\/sites\/5\/2023\/04\/DSC_9690_U_mensi-scaled-e1699874856165.jpg\" class=\"attachment-full size-full\" alt=\"\" \/><\/a>\n\t\t\t<\/div><\/figure><figure class='gallery-item'>\n\t\t\t<div class='gallery-icon landscape'>\n\t\t\t\t<a href='https:\/\/znakon.cz\/reality\/wp-content\/uploads\/sites\/5\/2023\/04\/DSC_9666_U_mensi-scaled.jpg'><img loading=\"lazy\" decoding=\"async\" width=\"2560\" height=\"1707\" src=\"https:\/\/znakon.cz\/reality\/wp-content\/uploads\/sites\/5\/2023\/04\/DSC_9666_U_mensi-scaled.jpg\" class=\"attachment-full size-full\" alt=\"\" srcset=\"https:\/\/znakon.cz\/reality\/wp-content\/uploads\/sites\/5\/2023\/04\/DSC_9666_U_mensi-scaled.jpg 2560w, https:\/\/znakon.cz\/reality\/wp-content\/uploads\/sites\/5\/2023\/04\/DSC_9666_U_mensi-300x200.jpg 300w, https:\/\/znakon.cz\/reality\/wp-content\/uploads\/sites\/5\/2023\/04\/DSC_9666_U_mensi-1024x683.jpg 1024w, https:\/\/znakon.cz\/reality\/wp-content\/uploads\/sites\/5\/2023\/04\/DSC_9666_U_mensi-768x512.jpg 768w, https:\/\/znakon.cz\/reality\/wp-content\/uploads\/sites\/5\/2023\/04\/DSC_9666_U_mensi-1536x1024.jpg 1536w, https:\/\/znakon.cz\/reality\/wp-content\/uploads\/sites\/5\/2023\/04\/DSC_9666_U_mensi-2048x1365.jpg 2048w, https:\/\/znakon.cz\/reality\/wp-content\/uploads\/sites\/5\/2023\/04\/DSC_9666_U_mensi-272x182.jpg 272w\" sizes=\"(max-width: 2560px) 100vw, 2560px\" \/><\/a>\n\t\t\t<\/div><\/figure>\n\t\t<\/div>\n\n<\/div>\n<p><!-- \/wp:siteorigin-panels\/layout-block --><\/p>\n<\/div>\n<\/div><\/div><\/div><\/div><\/div>","protected":false},"excerpt":{"rendered":"","protected":false},"author":2,"featured_media":0,"parent":0,"menu_order":0,"comment_status":"closed","ping_status":"closed","template":"page-templates\/pagebuilder.php","meta":{"_monsterinsights_skip_tracking":false,"_monsterinsights_sitenote_active":false,"_monsterinsights_sitenote_note":"","_monsterinsights_sitenote_category":0,"footnotes":""},"_links":{"self":[{"href":"https:\/\/znakon.cz\/reality\/wp-json\/wp\/v2\/pages\/206"}],"collection":[{"href":"https:\/\/znakon.cz\/reality\/wp-json\/wp\/v2\/pages"}],"about":[{"href":"https:\/\/znakon.cz\/reality\/wp-json\/wp\/v2\/types\/page"}],"author":[{"embeddable":true,"href":"https:\/\/znakon.cz\/reality\/wp-json\/wp\/v2\/users\/2"}],"replies":[{"embeddable":true,"href":"https:\/\/znakon.cz\/reality\/wp-json\/wp\/v2\/comments?post=206"}],"version-history":[{"count":10,"href":"https:\/\/znakon.cz\/reality\/wp-json\/wp\/v2\/pages\/206\/revisions"}],"predecessor-version":[{"id":310,"href":"https:\/\/znakon.cz\/reality\/wp-json\/wp\/v2\/pages\/206\/revisions\/310"}],"wp:attachment":[{"href":"https:\/\/znakon.cz\/reality\/wp-json\/wp\/v2\/media?parent=206"}],"curies":[{"name":"wp","href":"https:\/\/api.w.org\/{rel}","templated":true}]}}