{"id":400,"date":"2023-12-07T12:08:37","date_gmt":"2023-12-07T11:08:37","guid":{"rendered":"http:\/\/znakon.cz\/reality\/?page_id=400"},"modified":"2024-10-10T09:46:33","modified_gmt":"2024-10-10T07:46:33","slug":"bytove-domy-na-jezarkach","status":"publish","type":"page","link":"https:\/\/znakon.cz\/reality\/bytove-domy-na-jezarkach\/","title":{"rendered":"Bytov\u00e9 domy na Jez\u00e1rk\u00e1ch"},"content":{"rendered":"<div id=\"pl-400\"  class=\"panel-layout\" ><div id=\"pg-400-0\"  class=\"panel-grid panel-no-style\" ><div id=\"pgc-400-0-0\"  class=\"panel-grid-cell\" ><div id=\"panel-400-0-0-0\" class=\"so-panel widget widget_sow-editor panel-first-child\" data-index=\"0\" ><div\n\t\t\t\n\t\t\tclass=\"so-widget-sow-editor so-widget-sow-editor-base\"\n\t\t\t\n\t\t>\n<div class=\"siteorigin-widget-tinymce textwidget\">\n\t<div id='gallery-1' class='gallery galleryid-400 gallery-columns-3 gallery-size-full'><figure class='gallery-item'>\n\t\t\t<div class='gallery-icon landscape'>\n\t\t\t\t<a href='https:\/\/znakon.cz\/reality\/bytove-domy-na-jezarkach\/zakres_04_final\/'><img loading=\"lazy\" decoding=\"async\" width=\"2560\" height=\"1705\" src=\"https:\/\/znakon.cz\/reality\/wp-content\/uploads\/sites\/5\/2024\/10\/zakres_04_FINAL-scaled.jpg\" class=\"attachment-full size-full\" alt=\"\" srcset=\"https:\/\/znakon.cz\/reality\/wp-content\/uploads\/sites\/5\/2024\/10\/zakres_04_FINAL-scaled.jpg 2560w, https:\/\/znakon.cz\/reality\/wp-content\/uploads\/sites\/5\/2024\/10\/zakres_04_FINAL-300x200.jpg 300w, https:\/\/znakon.cz\/reality\/wp-content\/uploads\/sites\/5\/2024\/10\/zakres_04_FINAL-1024x682.jpg 1024w, https:\/\/znakon.cz\/reality\/wp-content\/uploads\/sites\/5\/2024\/10\/zakres_04_FINAL-768x512.jpg 768w, https:\/\/znakon.cz\/reality\/wp-content\/uploads\/sites\/5\/2024\/10\/zakres_04_FINAL-1536x1023.jpg 1536w, https:\/\/znakon.cz\/reality\/wp-content\/uploads\/sites\/5\/2024\/10\/zakres_04_FINAL-2048x1364.jpg 2048w, https:\/\/znakon.cz\/reality\/wp-content\/uploads\/sites\/5\/2024\/10\/zakres_04_FINAL-272x182.jpg 272w\" sizes=\"(max-width: 2560px) 100vw, 2560px\" \/><\/a>\n\t\t\t<\/div><\/figure><figure class='gallery-item'>\n\t\t\t<div class='gallery-icon landscape'>\n\t\t\t\t<a href='https:\/\/znakon.cz\/reality\/bytove-domy-na-jezarkach\/zakres_03_final\/'><img loading=\"lazy\" decoding=\"async\" width=\"2560\" height=\"1705\" src=\"https:\/\/znakon.cz\/reality\/wp-content\/uploads\/sites\/5\/2024\/10\/zakres_03_FINAL-scaled.jpg\" class=\"attachment-full size-full\" alt=\"\" srcset=\"https:\/\/znakon.cz\/reality\/wp-content\/uploads\/sites\/5\/2024\/10\/zakres_03_FINAL-scaled.jpg 2560w, https:\/\/znakon.cz\/reality\/wp-content\/uploads\/sites\/5\/2024\/10\/zakres_03_FINAL-300x200.jpg 300w, https:\/\/znakon.cz\/reality\/wp-content\/uploads\/sites\/5\/2024\/10\/zakres_03_FINAL-1024x682.jpg 1024w, https:\/\/znakon.cz\/reality\/wp-content\/uploads\/sites\/5\/2024\/10\/zakres_03_FINAL-768x512.jpg 768w, https:\/\/znakon.cz\/reality\/wp-content\/uploads\/sites\/5\/2024\/10\/zakres_03_FINAL-1536x1023.jpg 1536w, https:\/\/znakon.cz\/reality\/wp-content\/uploads\/sites\/5\/2024\/10\/zakres_03_FINAL-2048x1364.jpg 2048w, https:\/\/znakon.cz\/reality\/wp-content\/uploads\/sites\/5\/2024\/10\/zakres_03_FINAL-272x182.jpg 272w\" sizes=\"(max-width: 2560px) 100vw, 2560px\" \/><\/a>\n\t\t\t<\/div><\/figure><figure class='gallery-item'>\n\t\t\t<div class='gallery-icon landscape'>\n\t\t\t\t<a href='https:\/\/znakon.cz\/reality\/bytove-domy-na-jezarkach\/zakres_01_final\/'><img loading=\"lazy\" decoding=\"async\" width=\"2560\" height=\"1705\" src=\"https:\/\/znakon.cz\/reality\/wp-content\/uploads\/sites\/5\/2024\/10\/zakres_01_FINAL-scaled.jpg\" class=\"attachment-full size-full\" alt=\"\" srcset=\"https:\/\/znakon.cz\/reality\/wp-content\/uploads\/sites\/5\/2024\/10\/zakres_01_FINAL-scaled.jpg 2560w, https:\/\/znakon.cz\/reality\/wp-content\/uploads\/sites\/5\/2024\/10\/zakres_01_FINAL-300x200.jpg 300w, https:\/\/znakon.cz\/reality\/wp-content\/uploads\/sites\/5\/2024\/10\/zakres_01_FINAL-1024x682.jpg 1024w, https:\/\/znakon.cz\/reality\/wp-content\/uploads\/sites\/5\/2024\/10\/zakres_01_FINAL-768x512.jpg 768w, https:\/\/znakon.cz\/reality\/wp-content\/uploads\/sites\/5\/2024\/10\/zakres_01_FINAL-1536x1023.jpg 1536w, https:\/\/znakon.cz\/reality\/wp-content\/uploads\/sites\/5\/2024\/10\/zakres_01_FINAL-2048x1364.jpg 2048w, https:\/\/znakon.cz\/reality\/wp-content\/uploads\/sites\/5\/2024\/10\/zakres_01_FINAL-272x182.jpg 272w\" sizes=\"(max-width: 2560px) 100vw, 2560px\" \/><\/a>\n\t\t\t<\/div><\/figure><figure class='gallery-item'>\n\t\t\t<div class='gallery-icon landscape'>\n\t\t\t\t<a href='https:\/\/znakon.cz\/reality\/bytove-domy-na-jezarkach\/b3_03_final\/'><img loading=\"lazy\" decoding=\"async\" width=\"2560\" height=\"1440\" src=\"https:\/\/znakon.cz\/reality\/wp-content\/uploads\/sites\/5\/2024\/10\/B3_03_final-scaled.jpg\" class=\"attachment-full size-full\" alt=\"\" srcset=\"https:\/\/znakon.cz\/reality\/wp-content\/uploads\/sites\/5\/2024\/10\/B3_03_final-scaled.jpg 2560w, https:\/\/znakon.cz\/reality\/wp-content\/uploads\/sites\/5\/2024\/10\/B3_03_final-300x169.jpg 300w, https:\/\/znakon.cz\/reality\/wp-content\/uploads\/sites\/5\/2024\/10\/B3_03_final-1024x576.jpg 1024w, https:\/\/znakon.cz\/reality\/wp-content\/uploads\/sites\/5\/2024\/10\/B3_03_final-768x432.jpg 768w, https:\/\/znakon.cz\/reality\/wp-content\/uploads\/sites\/5\/2024\/10\/B3_03_final-1536x864.jpg 1536w, https:\/\/znakon.cz\/reality\/wp-content\/uploads\/sites\/5\/2024\/10\/B3_03_final-2048x1152.jpg 2048w\" sizes=\"(max-width: 2560px) 100vw, 2560px\" \/><\/a>\n\t\t\t<\/div><\/figure><figure class='gallery-item'>\n\t\t\t<div class='gallery-icon landscape'>\n\t\t\t\t<a href='https:\/\/znakon.cz\/reality\/bytove-domy-na-jezarkach\/b1_05_final\/'><img loading=\"lazy\" decoding=\"async\" width=\"2560\" height=\"1440\" src=\"https:\/\/znakon.cz\/reality\/wp-content\/uploads\/sites\/5\/2024\/10\/B1_05_final-scaled.jpg\" class=\"attachment-full size-full\" alt=\"\" srcset=\"https:\/\/znakon.cz\/reality\/wp-content\/uploads\/sites\/5\/2024\/10\/B1_05_final-scaled.jpg 2560w, https:\/\/znakon.cz\/reality\/wp-content\/uploads\/sites\/5\/2024\/10\/B1_05_final-300x169.jpg 300w, https:\/\/znakon.cz\/reality\/wp-content\/uploads\/sites\/5\/2024\/10\/B1_05_final-1024x576.jpg 1024w, https:\/\/znakon.cz\/reality\/wp-content\/uploads\/sites\/5\/2024\/10\/B1_05_final-768x432.jpg 768w, https:\/\/znakon.cz\/reality\/wp-content\/uploads\/sites\/5\/2024\/10\/B1_05_final-1536x864.jpg 1536w, https:\/\/znakon.cz\/reality\/wp-content\/uploads\/sites\/5\/2024\/10\/B1_05_final-2048x1152.jpg 2048w\" sizes=\"(max-width: 2560px) 100vw, 2560px\" \/><\/a>\n\t\t\t<\/div><\/figure><figure class='gallery-item'>\n\t\t\t<div class='gallery-icon landscape'>\n\t\t\t\t<a href='https:\/\/znakon.cz\/reality\/bytove-domy-na-jezarkach\/b1_04\/'><img loading=\"lazy\" decoding=\"async\" width=\"3840\" height=\"2160\" src=\"https:\/\/znakon.cz\/reality\/wp-content\/uploads\/sites\/5\/2024\/10\/B1_04.png\" class=\"attachment-full size-full\" alt=\"\" srcset=\"https:\/\/znakon.cz\/reality\/wp-content\/uploads\/sites\/5\/2024\/10\/B1_04.png 3840w, https:\/\/znakon.cz\/reality\/wp-content\/uploads\/sites\/5\/2024\/10\/B1_04-300x169.png 300w, https:\/\/znakon.cz\/reality\/wp-content\/uploads\/sites\/5\/2024\/10\/B1_04-1024x576.png 1024w, https:\/\/znakon.cz\/reality\/wp-content\/uploads\/sites\/5\/2024\/10\/B1_04-768x432.png 768w, https:\/\/znakon.cz\/reality\/wp-content\/uploads\/sites\/5\/2024\/10\/B1_04-1536x864.png 1536w, https:\/\/znakon.cz\/reality\/wp-content\/uploads\/sites\/5\/2024\/10\/B1_04-2048x1152.png 2048w\" sizes=\"(max-width: 3840px) 100vw, 3840px\" \/><\/a>\n\t\t\t<\/div><\/figure>\n\t\t<\/div>\n\n<\/div>\n<\/div><\/div><div id=\"panel-400-0-0-1\" class=\"so-panel widget widget_sow-editor panel-last-child\" data-index=\"1\" ><div\n\t\t\t\n\t\t\tclass=\"so-widget-sow-editor so-widget-sow-editor-base\"\n\t\t\t\n\t\t>\n<div class=\"siteorigin-widget-tinymce textwidget\">\n\t<p>Rezervace a prodej byt\u016f zaji\u0161\u0165uje: Reality Hrdli\u010dka-Hrdli\u010dkov\u00e1, s.r.o.<\/p>\n<p>V\u00edce informac\u00ed:\u00a0<a href=\"http:\/\/www.bytyjezarky.cz\">http:\/\/www.bytyjezarky.cz<\/a><\/p>\n<p>&nbsp;<\/p>\n<\/div>\n<\/div><\/div><\/div><\/div><\/div>","protected":false},"excerpt":{"rendered":"<p>Rezervace a prodej byt\u016f zaji\u0161\u0165uje: Reality Hrdli\u010dka-Hrdli\u010dkov\u00e1, s.r.o. V\u00edce informac\u00ed:\u00a0http:\/\/www.bytyjezarky.cz &nbsp;<\/p>\n","protected":false},"author":2,"featured_media":0,"parent":0,"menu_order":0,"comment_status":"closed","ping_status":"closed","template":"","meta":{"_monsterinsights_skip_tracking":false,"_monsterinsights_sitenote_active":false,"_monsterinsights_sitenote_note":"","_monsterinsights_sitenote_category":0,"footnotes":""},"_links":{"self":[{"href":"https:\/\/znakon.cz\/reality\/wp-json\/wp\/v2\/pages\/400"}],"collection":[{"href":"https:\/\/znakon.cz\/reality\/wp-json\/wp\/v2\/pages"}],"about":[{"href":"https:\/\/znakon.cz\/reality\/wp-json\/wp\/v2\/types\/page"}],"author":[{"embeddable":true,"href":"https:\/\/znakon.cz\/reality\/wp-json\/wp\/v2\/users\/2"}],"replies":[{"embeddable":true,"href":"https:\/\/znakon.cz\/reality\/wp-json\/wp\/v2\/comments?post=400"}],"version-history":[{"count":6,"href":"https:\/\/znakon.cz\/reality\/wp-json\/wp\/v2\/pages\/400\/revisions"}],"predecessor-version":[{"id":461,"href":"https:\/\/znakon.cz\/reality\/wp-json\/wp\/v2\/pages\/400\/revisions\/461"}],"wp:attachment":[{"href":"https:\/\/znakon.cz\/reality\/wp-json\/wp\/v2\/media?parent=400"}],"curies":[{"name":"wp","href":"https:\/\/api.w.org\/{rel}","templated":true}]}}