{"id":1832,"date":"2020-01-25T17:45:02","date_gmt":"2020-01-25T16:45:02","guid":{"rendered":"http:\/\/znakon.cz\/znakon-as\/?page_id=1832"},"modified":"2021-01-12T11:04:51","modified_gmt":"2021-01-12T10:04:51","slug":"stavebni-stredisko","status":"publish","type":"page","link":"https:\/\/znakon.cz\/znakon-as\/stavebni-stredisko\/","title":{"rendered":"STAVEBN\u00cd ST\u0158EDISKO"},"content":{"rendered":"<div id=\"pl-1832\"  class=\"panel-layout\" ><div id=\"pg-1832-0\"  class=\"panel-grid panel-has-style\" ><div class=\"panel-row-style panel-row-style-for-1832-0\" ><div id=\"pgc-1832-0-0\"  class=\"panel-grid-cell\" ><div id=\"panel-1832-0-0-0\" class=\"so-panel widget widget_sow-image panel-first-child\" data-index=\"0\" ><div\n\t\t\t\n\t\t\tclass=\"so-widget-sow-image so-widget-sow-image-default-8b5b6f678277-1832\"\n\t\t\t\n\t\t>\n<div class=\"sow-image-container\">\n\t\t<img \n\tsrc=\"https:\/\/znakon.cz\/znakon-as\/wp-content\/uploads\/sites\/2\/2018\/02\/poz-stavby-horni-banner-1900x630.jpg\" width=\"1900\" height=\"630\" srcset=\"https:\/\/znakon.cz\/znakon-as\/wp-content\/uploads\/sites\/2\/2018\/02\/poz-stavby-horni-banner-1900x630.jpg 1900w, https:\/\/znakon.cz\/znakon-as\/wp-content\/uploads\/sites\/2\/2018\/02\/poz-stavby-horni-banner-1900x630-300x99.jpg 300w, https:\/\/znakon.cz\/znakon-as\/wp-content\/uploads\/sites\/2\/2018\/02\/poz-stavby-horni-banner-1900x630-768x255.jpg 768w, https:\/\/znakon.cz\/znakon-as\/wp-content\/uploads\/sites\/2\/2018\/02\/poz-stavby-horni-banner-1900x630-1024x340.jpg 1024w\" sizes=\"(max-width: 1900px) 100vw, 1900px\" title=\"poz-stavby-horni-banner-1900&#215;630\" alt=\"\" \t\tclass=\"so-widget-image\"\/>\n\t<\/div>\n\n<\/div><\/div><div id=\"panel-1832-0-0-1\" class=\"so-panel widget widget_sow-editor panel-last-child\" data-index=\"1\" ><div class=\"panel-widget-style panel-widget-style-for-1832-0-0-1\" ><div\n\t\t\t\n\t\t\tclass=\"so-widget-sow-editor so-widget-sow-editor-base\"\n\t\t\t\n\t\t>\n<div class=\"siteorigin-widget-tinymce textwidget\">\n\t<p><strong>Prov\u00e1d\u00edme: <\/strong><\/p>\n<ul>\n<li>v\u00fdstavbu, opravy a rekonstrukce pozemn\u00edch komunikac\u00ed, parkovac\u00edch ploch, cyklostezek, chodn\u00edk\u016f a lesn\u00edch cest;<\/li>\n<li>v\u00fdstavbu in\u017een\u00fdrsk\u00fdch s\u00edt\u00ed \u2013 vodovod\u016f, kanalizac\u00ed a \u010cOV;<\/li>\n<li>v\u00fdstavbu a rekonstrukci mal\u00fdch mostn\u00edch objekt\u016f;<\/li>\n<li>p\u0159ekopy silnic<\/li>\n<li>p\u0159\u00edpravn\u00e9 a zemn\u00ed pr\u00e1ce.<\/li>\n<\/ul>\n<hr \/>\n<div id='gallery-1' class='gallery galleryid-1832 gallery-columns-4 gallery-size-full'><figure class='gallery-item'>\n\t\t\t<div class='gallery-icon landscape'>\n\t\t\t\t<a href='https:\/\/znakon.cz\/znakon-as\/wp-content\/uploads\/sites\/2\/2020\/01\/PB222064_1200x900.jpg'><img loading=\"lazy\" decoding=\"async\" width=\"1200\" height=\"900\" src=\"https:\/\/znakon.cz\/znakon-as\/wp-content\/uploads\/sites\/2\/2020\/01\/PB222064_1200x900.jpg\" class=\"attachment-full size-full\" alt=\"\" srcset=\"https:\/\/znakon.cz\/znakon-as\/wp-content\/uploads\/sites\/2\/2020\/01\/PB222064_1200x900.jpg 1200w, https:\/\/znakon.cz\/znakon-as\/wp-content\/uploads\/sites\/2\/2020\/01\/PB222064_1200x900-300x225.jpg 300w, https:\/\/znakon.cz\/znakon-as\/wp-content\/uploads\/sites\/2\/2020\/01\/PB222064_1200x900-1024x768.jpg 1024w, https:\/\/znakon.cz\/znakon-as\/wp-content\/uploads\/sites\/2\/2020\/01\/PB222064_1200x900-768x576.jpg 768w\" sizes=\"(max-width: 1200px) 100vw, 1200px\" \/><\/a>\n\t\t\t<\/div><\/figure><figure class='gallery-item'>\n\t\t\t<div class='gallery-icon landscape'>\n\t\t\t\t<a href='https:\/\/znakon.cz\/znakon-as\/wp-content\/uploads\/sites\/2\/2020\/01\/Vltavsk\u00e1-070_1200x900.jpg'><img loading=\"lazy\" decoding=\"async\" width=\"1200\" height=\"900\" src=\"https:\/\/znakon.cz\/znakon-as\/wp-content\/uploads\/sites\/2\/2020\/01\/Vltavsk\u00e1-070_1200x900.jpg\" class=\"attachment-full size-full\" alt=\"\" srcset=\"https:\/\/znakon.cz\/znakon-as\/wp-content\/uploads\/sites\/2\/2020\/01\/Vltavsk\u00e1-070_1200x900.jpg 1200w, https:\/\/znakon.cz\/znakon-as\/wp-content\/uploads\/sites\/2\/2020\/01\/Vltavsk\u00e1-070_1200x900-300x225.jpg 300w, https:\/\/znakon.cz\/znakon-as\/wp-content\/uploads\/sites\/2\/2020\/01\/Vltavsk\u00e1-070_1200x900-1024x768.jpg 1024w, https:\/\/znakon.cz\/znakon-as\/wp-content\/uploads\/sites\/2\/2020\/01\/Vltavsk\u00e1-070_1200x900-768x576.jpg 768w\" sizes=\"(max-width: 1200px) 100vw, 1200px\" \/><\/a>\n\t\t\t<\/div><\/figure><figure class='gallery-item'>\n\t\t\t<div class='gallery-icon landscape'>\n\t\t\t\t<a href='https:\/\/znakon.cz\/znakon-as\/wp-content\/uploads\/sites\/2\/2020\/01\/volyn\u011b_1200x900.jpg'><img loading=\"lazy\" decoding=\"async\" width=\"1200\" height=\"900\" src=\"https:\/\/znakon.cz\/znakon-as\/wp-content\/uploads\/sites\/2\/2020\/01\/volyn\u011b_1200x900.jpg\" class=\"attachment-full size-full\" alt=\"\" srcset=\"https:\/\/znakon.cz\/znakon-as\/wp-content\/uploads\/sites\/2\/2020\/01\/volyn\u011b_1200x900.jpg 1200w, https:\/\/znakon.cz\/znakon-as\/wp-content\/uploads\/sites\/2\/2020\/01\/volyn\u011b_1200x900-300x225.jpg 300w, https:\/\/znakon.cz\/znakon-as\/wp-content\/uploads\/sites\/2\/2020\/01\/volyn\u011b_1200x900-1024x768.jpg 1024w, https:\/\/znakon.cz\/znakon-as\/wp-content\/uploads\/sites\/2\/2020\/01\/volyn\u011b_1200x900-768x576.jpg 768w\" sizes=\"(max-width: 1200px) 100vw, 1200px\" \/><\/a>\n\t\t\t<\/div><\/figure><figure class='gallery-item'>\n\t\t\t<div class='gallery-icon landscape'>\n\t\t\t\t<a href='https:\/\/znakon.cz\/znakon-as\/wp-content\/uploads\/sites\/2\/2020\/01\/P1010033_1200x900.jpg'><img loading=\"lazy\" decoding=\"async\" width=\"1200\" height=\"900\" src=\"https:\/\/znakon.cz\/znakon-as\/wp-content\/uploads\/sites\/2\/2020\/01\/P1010033_1200x900.jpg\" class=\"attachment-full size-full\" alt=\"\" srcset=\"https:\/\/znakon.cz\/znakon-as\/wp-content\/uploads\/sites\/2\/2020\/01\/P1010033_1200x900.jpg 1200w, https:\/\/znakon.cz\/znakon-as\/wp-content\/uploads\/sites\/2\/2020\/01\/P1010033_1200x900-300x225.jpg 300w, https:\/\/znakon.cz\/znakon-as\/wp-content\/uploads\/sites\/2\/2020\/01\/P1010033_1200x900-1024x768.jpg 1024w, https:\/\/znakon.cz\/znakon-as\/wp-content\/uploads\/sites\/2\/2020\/01\/P1010033_1200x900-768x576.jpg 768w\" sizes=\"(max-width: 1200px) 100vw, 1200px\" \/><\/a>\n\t\t\t<\/div><\/figure><figure class='gallery-item'>\n\t\t\t<div class='gallery-icon landscape'>\n\t\t\t\t<a href='https:\/\/znakon.cz\/znakon-as\/wp-content\/uploads\/sites\/2\/2020\/01\/20180815_122135_1200x900.jpg'><img loading=\"lazy\" decoding=\"async\" width=\"1200\" height=\"900\" src=\"https:\/\/znakon.cz\/znakon-as\/wp-content\/uploads\/sites\/2\/2020\/01\/20180815_122135_1200x900.jpg\" class=\"attachment-full size-full\" alt=\"\" srcset=\"https:\/\/znakon.cz\/znakon-as\/wp-content\/uploads\/sites\/2\/2020\/01\/20180815_122135_1200x900.jpg 1200w, https:\/\/znakon.cz\/znakon-as\/wp-content\/uploads\/sites\/2\/2020\/01\/20180815_122135_1200x900-300x225.jpg 300w, https:\/\/znakon.cz\/znakon-as\/wp-content\/uploads\/sites\/2\/2020\/01\/20180815_122135_1200x900-1024x768.jpg 1024w, https:\/\/znakon.cz\/znakon-as\/wp-content\/uploads\/sites\/2\/2020\/01\/20180815_122135_1200x900-768x576.jpg 768w\" sizes=\"(max-width: 1200px) 100vw, 1200px\" \/><\/a>\n\t\t\t<\/div><\/figure><figure class='gallery-item'>\n\t\t\t<div class='gallery-icon landscape'>\n\t\t\t\t<a href='https:\/\/znakon.cz\/znakon-as\/wp-content\/uploads\/sites\/2\/2020\/01\/P6180136_1200x900.jpg'><img loading=\"lazy\" decoding=\"async\" width=\"1200\" height=\"900\" src=\"https:\/\/znakon.cz\/znakon-as\/wp-content\/uploads\/sites\/2\/2020\/01\/P6180136_1200x900.jpg\" class=\"attachment-full size-full\" alt=\"\" srcset=\"https:\/\/znakon.cz\/znakon-as\/wp-content\/uploads\/sites\/2\/2020\/01\/P6180136_1200x900.jpg 1200w, https:\/\/znakon.cz\/znakon-as\/wp-content\/uploads\/sites\/2\/2020\/01\/P6180136_1200x900-300x225.jpg 300w, https:\/\/znakon.cz\/znakon-as\/wp-content\/uploads\/sites\/2\/2020\/01\/P6180136_1200x900-1024x768.jpg 1024w, https:\/\/znakon.cz\/znakon-as\/wp-content\/uploads\/sites\/2\/2020\/01\/P6180136_1200x900-768x576.jpg 768w\" sizes=\"(max-width: 1200px) 100vw, 1200px\" \/><\/a>\n\t\t\t<\/div><\/figure><figure class='gallery-item'>\n\t\t\t<div class='gallery-icon landscape'>\n\t\t\t\t<a href='https:\/\/znakon.cz\/znakon-as\/wp-content\/uploads\/sites\/2\/2020\/01\/P7100173_1200x900-1.jpg'><img loading=\"lazy\" decoding=\"async\" width=\"1200\" height=\"900\" src=\"https:\/\/znakon.cz\/znakon-as\/wp-content\/uploads\/sites\/2\/2020\/01\/P7100173_1200x900-1.jpg\" class=\"attachment-full size-full\" alt=\"\" srcset=\"https:\/\/znakon.cz\/znakon-as\/wp-content\/uploads\/sites\/2\/2020\/01\/P7100173_1200x900-1.jpg 1200w, https:\/\/znakon.cz\/znakon-as\/wp-content\/uploads\/sites\/2\/2020\/01\/P7100173_1200x900-1-300x225.jpg 300w, https:\/\/znakon.cz\/znakon-as\/wp-content\/uploads\/sites\/2\/2020\/01\/P7100173_1200x900-1-1024x768.jpg 1024w, https:\/\/znakon.cz\/znakon-as\/wp-content\/uploads\/sites\/2\/2020\/01\/P7100173_1200x900-1-768x576.jpg 768w\" sizes=\"(max-width: 1200px) 100vw, 1200px\" \/><\/a>\n\t\t\t<\/div><\/figure><figure class='gallery-item'>\n\t\t\t<div class='gallery-icon landscape'>\n\t\t\t\t<a href='https:\/\/znakon.cz\/znakon-as\/wp-content\/uploads\/sites\/2\/2020\/01\/P7180011_1200x900-1.jpg'><img loading=\"lazy\" decoding=\"async\" width=\"1200\" height=\"900\" src=\"https:\/\/znakon.cz\/znakon-as\/wp-content\/uploads\/sites\/2\/2020\/01\/P7180011_1200x900-1.jpg\" class=\"attachment-full size-full\" alt=\"\" srcset=\"https:\/\/znakon.cz\/znakon-as\/wp-content\/uploads\/sites\/2\/2020\/01\/P7180011_1200x900-1.jpg 1200w, https:\/\/znakon.cz\/znakon-as\/wp-content\/uploads\/sites\/2\/2020\/01\/P7180011_1200x900-1-300x225.jpg 300w, https:\/\/znakon.cz\/znakon-as\/wp-content\/uploads\/sites\/2\/2020\/01\/P7180011_1200x900-1-1024x768.jpg 1024w, https:\/\/znakon.cz\/znakon-as\/wp-content\/uploads\/sites\/2\/2020\/01\/P7180011_1200x900-1-768x576.jpg 768w\" sizes=\"(max-width: 1200px) 100vw, 1200px\" \/><\/a>\n\t\t\t<\/div><\/figure>\n\t\t<\/div>\n\n<hr \/>\n<p><a href=\"http:\/\/znakon.cz\/znakon-as\/kontakt-znakon-as\/\"><strong><span style=\"color: #ff9900;\">Bli\u017e\u0161\u00ed informace<\/span> <\/strong><\/a><\/p>\n<\/div>\n<\/div><\/div><\/div><\/div><\/div><\/div><\/div>","protected":false},"excerpt":{"rendered":"<p>Prov\u00e1d\u00edme: v\u00fdstavbu, opravy a rekonstrukce pozemn\u00edch komunikac\u00ed, parkovac\u00edch ploch, cyklostezek, chodn\u00edk\u016f a lesn\u00edch cest; v\u00fdstavbu in\u017een\u00fdrsk\u00fdch s\u00edt\u00ed \u2013 vodovod\u016f, kanalizac\u00ed [&hellip;]<\/p>\n","protected":false},"author":1,"featured_media":0,"parent":0,"menu_order":0,"comment_status":"closed","ping_status":"closed","template":"page-templates\/pagebuilder.php","meta":{"_monsterinsights_skip_tracking":false,"_monsterinsights_sitenote_active":false,"_monsterinsights_sitenote_note":"","_monsterinsights_sitenote_category":0,"footnotes":""},"_links":{"self":[{"href":"https:\/\/znakon.cz\/znakon-as\/wp-json\/wp\/v2\/pages\/1832"}],"collection":[{"href":"https:\/\/znakon.cz\/znakon-as\/wp-json\/wp\/v2\/pages"}],"about":[{"href":"https:\/\/znakon.cz\/znakon-as\/wp-json\/wp\/v2\/types\/page"}],"author":[{"embeddable":true,"href":"https:\/\/znakon.cz\/znakon-as\/wp-json\/wp\/v2\/users\/1"}],"replies":[{"embeddable":true,"href":"https:\/\/znakon.cz\/znakon-as\/wp-json\/wp\/v2\/comments?post=1832"}],"version-history":[{"count":15,"href":"https:\/\/znakon.cz\/znakon-as\/wp-json\/wp\/v2\/pages\/1832\/revisions"}],"predecessor-version":[{"id":1892,"href":"https:\/\/znakon.cz\/znakon-as\/wp-json\/wp\/v2\/pages\/1832\/revisions\/1892"}],"wp:attachment":[{"href":"https:\/\/znakon.cz\/znakon-as\/wp-json\/wp\/v2\/media?parent=1832"}],"curies":[{"name":"wp","href":"https:\/\/api.w.org\/{rel}","templated":true}]}}