{"id":226,"date":"2018-01-11T05:23:11","date_gmt":"2018-01-11T04:23:11","guid":{"rendered":"http:\/\/znakon.cz\/18\/znakon-as\/?page_id=226"},"modified":"2022-02-07T10:37:54","modified_gmt":"2022-02-07T09:37:54","slug":"homepage-znakon-as","status":"publish","type":"page","link":"https:\/\/znakon.cz\/znakon-as\/","title":{"rendered":"homepage-znakon-as"},"content":{"rendered":"<div id=\"pl-226\"  class=\"panel-layout\" ><div id=\"pg-226-0\"  class=\"panel-grid panel-has-style\" ><div class=\"siteorigin-panels-stretch panel-row-style panel-row-style-for-226-0\" data-stretch-type=\"full-stretched\" ><div id=\"pgc-226-0-0\"  class=\"panel-grid-cell\" ><div id=\"panel-226-0-0-0\" class=\"so-panel widget widget_sow-image panel-first-child panel-last-child\" data-index=\"0\" ><div\n\t\t\t\n\t\t\tclass=\"so-widget-sow-image so-widget-sow-image-default-8b5b6f678277-226\"\n\t\t\t\n\t\t>\n<div class=\"sow-image-container\">\n\t\t<img \n\tsrc=\"https:\/\/znakon.cz\/znakon-as\/wp-content\/uploads\/sites\/2\/2019\/04\/slide_1920x700.jpg\" width=\"1920\" height=\"700\" srcset=\"https:\/\/znakon.cz\/znakon-as\/wp-content\/uploads\/sites\/2\/2019\/04\/slide_1920x700.jpg 1920w, https:\/\/znakon.cz\/znakon-as\/wp-content\/uploads\/sites\/2\/2019\/04\/slide_1920x700-300x109.jpg 300w, https:\/\/znakon.cz\/znakon-as\/wp-content\/uploads\/sites\/2\/2019\/04\/slide_1920x700-1024x373.jpg 1024w, https:\/\/znakon.cz\/znakon-as\/wp-content\/uploads\/sites\/2\/2019\/04\/slide_1920x700-768x280.jpg 768w, https:\/\/znakon.cz\/znakon-as\/wp-content\/uploads\/sites\/2\/2019\/04\/slide_1920x700-1536x560.jpg 1536w\" sizes=\"(max-width: 1920px) 100vw, 1920px\" alt=\"\" \t\tclass=\"so-widget-image\"\/>\n\t<\/div>\n\n<\/div><\/div><\/div><\/div><\/div><div id=\"pg-226-1\"  class=\"panel-grid panel-no-style\" ><div id=\"pgc-226-1-0\"  class=\"panel-grid-cell\" ><div id=\"panel-226-1-0-0\" class=\"so-panel widget widget_sow-editor panel-first-child panel-last-child\" data-index=\"1\" ><div\n\t\t\t\n\t\t\tclass=\"so-widget-sow-editor so-widget-sow-editor-base\"\n\t\t\t\n\t\t>\n<div class=\"siteorigin-widget-tinymce textwidget\">\n\t<h4><\/h4>\n<h5 style=\"text-align: center;\"><span style=\"font-weight: 400;\">ZNAKON, a.s. je spole\u010dnost zab\u00fdvaj\u00edc\u00ed se dopravn\u00edm, pozemn\u00edm a in\u017een\u00fdrsk\u00fdm stavitelstv\u00edm.\u00a0 <\/span><br \/>\n<span style=\"font-weight: 400;\">Na trhu p\u016fsob\u00ed ji\u017e od roku 1993 a b\u011bhem t\u00e9to doby se z&nbsp;n\u00ed stala stabiln\u00ed, modern\u00ed a konkurenceschopn\u00e1 firma<br \/>\nst\u0159edn\u00ed velikosti se \u0161irok\u00fdm spektrem prov\u00e1d\u011bn\u00fdch \u010dinnost\u00ed.<\/span><\/h5>\n<p>&nbsp;<\/p>\n<\/div>\n<\/div><\/div><\/div><\/div><div id=\"pg-226-2\"  class=\"panel-grid panel-has-style\" ><div class=\"siteorigin-panels-stretch panel-row-style panel-row-style-for-226-2\" data-stretch-type=\"full\" ><div id=\"pgc-226-2-0\"  class=\"panel-grid-cell\" ><div id=\"panel-226-2-0-0\" class=\"so-panel widget widget_sow-editor panel-first-child panel-last-child\" data-index=\"2\" ><div class=\"flash_inherit_color panel-widget-style panel-widget-style-for-226-2-0-0\" ><div\n\t\t\t\n\t\t\tclass=\"so-widget-sow-editor so-widget-sow-editor-base\"\n\t\t\t\n\t\t>\n<div class=\"siteorigin-widget-tinymce textwidget\">\n\t<h2 style=\"text-align: center;\"><strong>\u010cINNOSTI JEDNOTLIV\u00ddCH ST\u0158EDISEK<\/strong><\/h2>\n<\/div>\n<\/div><\/div><\/div><\/div><\/div><\/div><div id=\"pg-226-3\"  class=\"panel-grid panel-has-style\" ><div class=\"siteorigin-panels-stretch panel-row-style panel-row-style-for-226-3\" data-stretch-type=\"full\" ><div id=\"pgc-226-3-0\"  class=\"panel-grid-cell\" ><div id=\"panel-226-3-0-0\" class=\"so-panel widget widget_sow-image panel-first-child panel-last-child\" data-index=\"3\" ><div\n\t\t\t\n\t\t\tclass=\"so-widget-sow-image so-widget-sow-image-default-89f16426b92c-226\"\n\t\t\t\n\t\t>\n<div class=\"sow-image-container\">\n\t\t\t<a href=\"\/znakon-as\/stredisko-pokladky-zivicnych-smesi\/\"\n\t\t\t\t\t>\n\t\t\t<img \n\tsrc=\"https:\/\/znakon.cz\/znakon-as\/wp-content\/uploads\/sites\/2\/2020\/04\/4.png\" width=\"940\" height=\"788\" srcset=\"https:\/\/znakon.cz\/znakon-as\/wp-content\/uploads\/sites\/2\/2020\/04\/4.png 940w, https:\/\/znakon.cz\/znakon-as\/wp-content\/uploads\/sites\/2\/2020\/04\/4-300x251.png 300w, https:\/\/znakon.cz\/znakon-as\/wp-content\/uploads\/sites\/2\/2020\/04\/4-768x644.png 768w\" sizes=\"(max-width: 940px) 100vw, 940px\" title=\"St\u0159edisko PAS\" alt=\"St\u0159edisko pokl\u00e1dky asfaltov\u00fdch sm\u011bs\u00ed\" \t\tclass=\"so-widget-image\"\/>\n\t\t\t<\/a><\/div>\n\n<\/div><\/div><\/div><div id=\"pgc-226-3-1\"  class=\"panel-grid-cell\" ><div id=\"panel-226-3-1-0\" class=\"so-panel widget widget_sow-image panel-first-child panel-last-child\" data-index=\"4\" ><div\n\t\t\t\n\t\t\tclass=\"so-widget-sow-image so-widget-sow-image-default-89f16426b92c-226\"\n\t\t\t\n\t\t>\n<div class=\"sow-image-container\">\n\t\t\t<a href=\"http:\/\/znakon.cz\/znakon-as\/stavebni-stredisko\/\"\n\t\t\t\t\t>\n\t\t\t<img \n\tsrc=\"https:\/\/znakon.cz\/znakon-as\/wp-content\/uploads\/sites\/2\/2020\/04\/1.png\" width=\"940\" height=\"788\" srcset=\"https:\/\/znakon.cz\/znakon-as\/wp-content\/uploads\/sites\/2\/2020\/04\/1.png 940w, https:\/\/znakon.cz\/znakon-as\/wp-content\/uploads\/sites\/2\/2020\/04\/1-300x251.png 300w, https:\/\/znakon.cz\/znakon-as\/wp-content\/uploads\/sites\/2\/2020\/04\/1-768x644.png 768w\" sizes=\"(max-width: 940px) 100vw, 940px\" title=\"Stavebn\u00ed st\u0159edisko\" alt=\"\" \t\tclass=\"so-widget-image\"\/>\n\t\t\t<\/a><\/div>\n\n<\/div><\/div><\/div><div id=\"pgc-226-3-2\"  class=\"panel-grid-cell\" ><div id=\"panel-226-3-2-0\" class=\"so-panel widget widget_sow-image panel-first-child panel-last-child\" data-index=\"5\" ><div\n\t\t\t\n\t\t\tclass=\"so-widget-sow-image so-widget-sow-image-default-89f16426b92c-226\"\n\t\t\t\n\t\t>\n<div class=\"sow-image-container\">\n\t\t\t<a href=\"\/znakon-as\/stredisko-sluzeb\/\"\n\t\t\t\t\t>\n\t\t\t<img \n\tsrc=\"https:\/\/znakon.cz\/znakon-as\/wp-content\/uploads\/sites\/2\/2020\/04\/3.png\" width=\"940\" height=\"788\" srcset=\"https:\/\/znakon.cz\/znakon-as\/wp-content\/uploads\/sites\/2\/2020\/04\/3.png 940w, https:\/\/znakon.cz\/znakon-as\/wp-content\/uploads\/sites\/2\/2020\/04\/3-300x251.png 300w, https:\/\/znakon.cz\/znakon-as\/wp-content\/uploads\/sites\/2\/2020\/04\/3-768x644.png 768w\" sizes=\"(max-width: 940px) 100vw, 940px\" title=\"St\u0159edisko slu\u017eeb\" alt=\"\" \t\tclass=\"so-widget-image\"\/>\n\t\t\t<\/a><\/div>\n\n<\/div><\/div><\/div><div id=\"pgc-226-3-3\"  class=\"panel-grid-cell\" ><div id=\"panel-226-3-3-0\" class=\"so-panel widget widget_sow-image panel-first-child panel-last-child\" data-index=\"6\" ><div\n\t\t\t\n\t\t\tclass=\"so-widget-sow-image so-widget-sow-image-default-89f16426b92c-226\"\n\t\t\t\n\t\t>\n<div class=\"sow-image-container\">\n\t\t\t<a href=\"\/znakon-as\/stredisko-dopravy-a-mechanizace\/\"\n\t\t\t\t\t>\n\t\t\t<img \n\tsrc=\"https:\/\/znakon.cz\/znakon-as\/wp-content\/uploads\/sites\/2\/2020\/04\/2.png\" width=\"940\" height=\"788\" srcset=\"https:\/\/znakon.cz\/znakon-as\/wp-content\/uploads\/sites\/2\/2020\/04\/2.png 940w, https:\/\/znakon.cz\/znakon-as\/wp-content\/uploads\/sites\/2\/2020\/04\/2-300x251.png 300w, https:\/\/znakon.cz\/znakon-as\/wp-content\/uploads\/sites\/2\/2020\/04\/2-768x644.png 768w\" sizes=\"(max-width: 940px) 100vw, 940px\" title=\"St\u0159edisko dopravy\" alt=\"St\u0159edisko dopravy\" \t\tclass=\"so-widget-image\"\/>\n\t\t\t<\/a><\/div>\n\n<\/div><\/div><\/div><\/div><\/div><\/div>","protected":false},"excerpt":{"rendered":"<p>ZNAKON, a.s. je spole\u010dnost zab\u00fdvaj\u00edc\u00ed se dopravn\u00edm, pozemn\u00edm a in\u017een\u00fdrsk\u00fdm stavitelstv\u00edm.\u00a0 Na trhu p\u016fsob\u00ed ji\u017e od roku 1993 a b\u011bhem [&hellip;]<\/p>\n","protected":false},"author":1,"featured_media":0,"parent":0,"menu_order":0,"comment_status":"closed","ping_status":"closed","template":"page-templates\/pagebuilder.php","meta":{"_monsterinsights_skip_tracking":false,"_monsterinsights_sitenote_active":false,"_monsterinsights_sitenote_note":"","_monsterinsights_sitenote_category":0,"footnotes":""},"_links":{"self":[{"href":"https:\/\/znakon.cz\/znakon-as\/wp-json\/wp\/v2\/pages\/226"}],"collection":[{"href":"https:\/\/znakon.cz\/znakon-as\/wp-json\/wp\/v2\/pages"}],"about":[{"href":"https:\/\/znakon.cz\/znakon-as\/wp-json\/wp\/v2\/types\/page"}],"author":[{"embeddable":true,"href":"https:\/\/znakon.cz\/znakon-as\/wp-json\/wp\/v2\/users\/1"}],"replies":[{"embeddable":true,"href":"https:\/\/znakon.cz\/znakon-as\/wp-json\/wp\/v2\/comments?post=226"}],"version-history":[{"count":158,"href":"https:\/\/znakon.cz\/znakon-as\/wp-json\/wp\/v2\/pages\/226\/revisions"}],"predecessor-version":[{"id":969,"href":"https:\/\/znakon.cz\/znakon-as\/wp-json\/wp\/v2\/pages\/226\/revisions\/969"}],"wp:attachment":[{"href":"https:\/\/znakon.cz\/znakon-as\/wp-json\/wp\/v2\/media?parent=226"}],"curies":[{"name":"wp","href":"https:\/\/api.w.org\/{rel}","templated":true}]}}