{"id":797,"date":"2018-02-14T04:44:55","date_gmt":"2018-02-14T03:44:55","guid":{"rendered":"http:\/\/znakon.cz\/18\/znakon-as\/?page_id=797"},"modified":"2023-12-15T08:48:24","modified_gmt":"2023-12-15T07:48:24","slug":"sponzoring","status":"publish","type":"page","link":"https:\/\/znakon.cz\/znakon-as\/sponzoring\/","title":{"rendered":"SPONZORING"},"content":{"rendered":"<div id=\"pl-797\"  class=\"panel-layout\" ><div id=\"pg-797-0\"  class=\"panel-grid panel-has-style\" ><div class=\"panel-row-style panel-row-style-for-797-0\" ><div id=\"pgc-797-0-0\"  class=\"panel-grid-cell\" ><div id=\"panel-797-0-0-0\" class=\"so-panel widget widget_sow-editor panel-first-child panel-last-child\" data-index=\"0\" ><div\n\t\t\t\n\t\t\tclass=\"so-widget-sow-editor so-widget-sow-editor-base\"\n\t\t\t\n\t\t>\n<div class=\"siteorigin-widget-tinymce textwidget\">\n\t<p>&nbsp;<\/p>\n<p><img loading=\"lazy\" decoding=\"async\" class=\"wp-image-2522  alignleft\" src=\"http:\/\/znakon.cz\/znakon-as\/wp-content\/uploads\/sites\/2\/2023\/12\/logo-FC-sousedovice-150x150.jpg\" alt=\"\" width=\"173\" height=\"173\" srcset=\"https:\/\/znakon.cz\/znakon-as\/wp-content\/uploads\/sites\/2\/2023\/12\/logo-FC-sousedovice-150x150.jpg 150w, https:\/\/znakon.cz\/znakon-as\/wp-content\/uploads\/sites\/2\/2023\/12\/logo-FC-sousedovice-300x300.jpg 300w, https:\/\/znakon.cz\/znakon-as\/wp-content\/uploads\/sites\/2\/2023\/12\/logo-FC-sousedovice.jpg 370w\" sizes=\"(max-width: 173px) 100vw, 173px\" \/><\/p>\n<p>Spole\u010dnost je hlavn\u00edm partnerem fotbalov\u00e9ho klubu v&nbsp;Sousedovic\u00edch FC ZNAKON Sousedovice<\/p>\n<p><b><a href=\"https:\/\/www.facebook.com\/FcWestraSousedovice\/\">https:\/\/w<\/a><\/b><b><a href=\"https:\/\/www.facebook.com\/FcWestraSousedovice\/\">ww.facebook.com\/FcWestraSousedovice\/<\/a><\/b><\/p>\n<p>&nbsp;<\/p>\n<p>&nbsp;<\/p>\n<p>&nbsp;<\/p>\n<p>&nbsp;<\/p>\n<p>Jednor\u00e1zov\u011b p\u0159isp\u00edv\u00e1 na celou \u0159adu sportovn\u00edch, kulturn\u00edch a spole\u010densk\u00fdch akc\u00ed v&nbsp;regionu m\u011bsta Strakonice. Podporuje sout\u011b\u017ee m\u00edstn\u00edch sportovn\u00edch klub\u016f, sbor\u016f dobrovoln\u00fdch hasi\u010d\u016f, spole\u010densko-kulturn\u00ed akce m\u011bsta, Muzea st\u0159edn\u00edho Pootav\u00ed a okoln\u00edch obc\u00ed.<\/p>\n<\/div>\n<\/div><\/div><\/div><\/div><\/div><\/div>","protected":false},"excerpt":{"rendered":"<p>&nbsp; Spole\u010dnost je hlavn\u00edm partnerem fotbalov\u00e9ho klubu v&nbsp;Sousedovic\u00edch FC ZNAKON Sousedovice https:\/\/www.facebook.com\/FcWestraSousedovice\/ &nbsp; &nbsp; &nbsp; &nbsp; Jednor\u00e1zov\u011b p\u0159isp\u00edv\u00e1 na [&hellip;]<\/p>\n","protected":false},"author":1,"featured_media":0,"parent":0,"menu_order":0,"comment_status":"closed","ping_status":"closed","template":"page-templates\/pagebuilder.php","meta":{"_monsterinsights_skip_tracking":false,"_monsterinsights_sitenote_active":false,"_monsterinsights_sitenote_note":"","_monsterinsights_sitenote_category":0,"footnotes":""},"_links":{"self":[{"href":"https:\/\/znakon.cz\/znakon-as\/wp-json\/wp\/v2\/pages\/797"}],"collection":[{"href":"https:\/\/znakon.cz\/znakon-as\/wp-json\/wp\/v2\/pages"}],"about":[{"href":"https:\/\/znakon.cz\/znakon-as\/wp-json\/wp\/v2\/types\/page"}],"author":[{"embeddable":true,"href":"https:\/\/znakon.cz\/znakon-as\/wp-json\/wp\/v2\/users\/1"}],"replies":[{"embeddable":true,"href":"https:\/\/znakon.cz\/znakon-as\/wp-json\/wp\/v2\/comments?post=797"}],"version-history":[{"count":9,"href":"https:\/\/znakon.cz\/znakon-as\/wp-json\/wp\/v2\/pages\/797\/revisions"}],"predecessor-version":[{"id":2523,"href":"https:\/\/znakon.cz\/znakon-as\/wp-json\/wp\/v2\/pages\/797\/revisions\/2523"}],"wp:attachment":[{"href":"https:\/\/znakon.cz\/znakon-as\/wp-json\/wp\/v2\/media?parent=797"}],"curies":[{"name":"wp","href":"https:\/\/api.w.org\/{rel}","templated":true}]}}